culate the remainder when 666649 is divided by 95234.
11
What is the remainder when 42023856 is divided by 228?
36
Calculate the remainder when 2882391 is divided by 1236.
39
Calculate the remainder when 313936 is divided by 725.
11
What is the remainder when 3040158 is divided by 6323?
5118
Calculate the remainder when 25086488 is divided by 716.
712
What is the remainder when 488614 is divided by 162414?
1372
Calculate the remainder when 4202311 is divided by 193.
122
What is the remainder when 25373 is divided by 5056?
93
What is the remainder when 114508 is divided by 28577?
200
What is the remainder when 8591968 is divided by 43614?
10
Calculate the remainder when 60530227 is divided by 796.
795
Calculate the remainder when 45716812 is divided by 3397.
3383
Calculate the remainder when 4943059 is divided by 66.
55
Calculate the remainder when 577240 is divided by 12547.
78
Calculate the remainder when 945023 is divided by 6385.
43
What is the remainder when 1359798 is divided by 507?
24
What is the remainder when 11199888 is divided by 202?
200
Calculate the remainder when 2473358 is divided by 176668.
6
Calculate the remainder when 271021 is divided by 751.
661
Calculate the remainder when 27128694 is divided by 77.
54
Calculate the remainder when 2198 is divided by 1672.
526
What is the remainder when 97607 is divided by 450?
407
What is the remainder when 11496312 is divided by 1136?
1128
What is the remainder when 168629550 is divided by 6499?
6496
Calculate the remainder when 16892 is divided by 208.
44
What is the remainder when 492257 is divided by 1207?
1008
Calculate the remainder when 12170523 is divided by 16927.
10
What is the remainder when 85277 is divided by 85235?
42
Calculate the remainder when 1836085 is divided by 414.
409
What is the remainder when 4463321 is divided by 4463315?
6
What is the remainder when 23265792 is divided by 512?
0
What is the remainder when 5985668 is divided by 1995181?
125
Calculate the remainder when 2498570 is divided by 832652.
614
What is the remainder when 3224478374 is divided by 25?
24
Calculate the remainder when 10154404 is divided by 8413.
8326
What is the remainder when 1176116 is divided by 5932?
1580
What is the remainder when 164937 is divided by 3915?
507
What is the remainder when 1717291 is divided by 63601?
64
Calculate the remainder when 671661 is divided by 671651.
10
What is the remainder when 1600346 is divided by 46?
6
Calculate the remainder when 4312 is divided by 161.
126
Calculate the remainder when 1921992 is divided by 42.
30
Calculate the remainder when 32333192 is divided by 335.
332
Calculate the remainder when 599804449 is divided by 3669.
3667
Calculate the remainder when 2648435438 is divided by 212.
210
Calculate the remainder when 3430081 is divided by 3430071.
10
What is the remainder when 11862 is divided by 1845?
792
Calculate the remainder when 812860 is divided by 116084.
272
What is the remainder when 16582006 is divided by 2274?
2272
What is the remainder when 357875469 is divided by 1147?
1146
Calculate the remainder when 799287941 is divided by 31.
30
Calculate the remainder when 73416357 is divided by 11611.
4
What is the remainder when 1183677 is divided by 98595?
537
Calculate the remainder when 95300 is divided by 331.
303
What is the remainder when 579219 is divided by 1661?
1191
Calculate the remainder when 10734641 is divided by 975875.
16
What is the remainder when 35696 is divided by 2374?
86
Calculate the remainder when 910251 is divided by 82.
51
What is the remainder when 108343751 is divided by 280?
271
Calculate the remainder when 1307400 is divided by 1307332.
68
What is the remainder when 33095 is divided by 73?
26
What is the remainder when 1086056 is divided by 120672?
8
What is the remainder when 160312 is divided by 694?
692
What is the remainder when 1380203 is divided by 18402?
53
Calculate the remainder when 630519 is divided by 157619.
43
What is the remainder when 561737 is divided by 1014?
995
What is the remainder when 13480721 is divided by 2696140?
21
What is the remainder when 668367 is divided by 16?
15
What is the remainder when 2047344 is divided by 170595?
204
Calculate the remainder when 394643 is divided by 5.
3
What is the remainder when 149693 is divided by 7861?
334
Calculate the remainder when 36334 is divided by 18122.
90
Calculate the remainder when 264072 is divided by 54.
12
What is the remainder when 47745413 is divided by 306?
233
What is the remainder when 289906 is divided by 732?
34
What is the remainder when 41223 is divided by 8008?
1183
What is the remainder when 1960009 is divided by 46?
41
What is the remainder when 108522 is divided by 674?
8
Calculate the remainder when 2735082 is divided by 223.
210
What is the remainder when 100922 is divided by 402?
20
Calculate the remainder when 224758 is divided by 224661.
97
Calculate the remainder when 3600670 is divided by 53.
9
Calculate the remainder when 4199090 is divided by 599.
100
Calculate the remainder when 7164277 is divided by 6391.
6357
Calculate the remainder when 46977 is divided by 1925.
777
Calculate the remainder when 481992 is divided by 1550.
1492
What is the remainder when 25990668 is divided by 8663555?
3
Calculate the remainder when 1058385 is divided by 1080.
1065
Calculate the remainder when 91890609 is divided by 149.
74
What is the remainder when 542779 is divided by 2755?
44
What is the remainder when 1814454 is divided by 120936?
414
What is the remainder when 19587937 is divided by 16175?
12
What is the remainder when 1079193 is divided by 1798?
393
What is the remainder when 8921971 is divided by 10828?
10527
What is the remainder when 958425 is divided by 3144?
2649
Calculate the remainder when 303710759 is divided by 2360.
2359
Calculate the remainder when 34750 is divided by 1151.
220
What is the remainder when 17554233 is divided by 22?
15
What is the remainder when 6251130 is divided by 1250118?
540
What is the remainder when 46622258 is divided by 1694?
1684
Calculate the remainder when 3392923 is divided by 1232.
1227
Calculate the remainder when 9855470 is divided by 101.
92
What is the remainder when 31041342 is divided by 4523?
4516
Calculate the remainder when 179438 is divided by 709.
61
Calculate the remainder when 372992 is divided by 24863.
47
What is the remainder when 3490197 is divided by 17?
12
Calculate the remainder when 1866357 is divided by 853.
846
What is the remainder when 12783730 is divided by 1362?
1360
What is the remainder when 16229659 is divided by 72?
67
What is the remainder when 1688031 is divided by 562667?
30
What is the remainder when 127767 is divided by 25539?
72
Calculate the remainder when 253190 is divided by 126405.
380
Calculate the remainder when 2427775 is divided by 606231.
2851
What is the remainder when 9427134 is divided by 4713563?
8
Calculate the remainder when 17675984 is divided by 17675977.
7
Calculate the remainder when 1553324712 is divided by 6495.
6492
Calculate the remainder when 96777 is divided by 24150.
177
What is the remainder when 11650128 is divided by 5825047?
34
What is the remainder when 77968916 is divided by 8830?
16
What is the remainder when 2061291 is divided by 1182?
1065
Calculate the remainder when 240560398 is divided by 50.
48
Calculate the remainder when 19585799 is divided by 3159.
3158
What is the remainder when 10413073 is divided by 3861?
3817
Calculate the remainder when 41569 is divided by 13396.
1381
What is the remainder when 215589936 is divided by 1658384?
16
Calculate the remainder when 201112 is divided by 200907.
205
Calculate the remainder when 300901 is divided by 730.
141
What is the remainder when 707299 is divided by 141459?
4
Calculate the remainder when 66607975 is divided by 66607935.
40
Calculate the remainder when 200178 is divided by 2383.
6
Calculate the remainder when 41792 is divided by 46.
24
Calculate the remainder when 7717688 is divided by 448.
440
Calculate the remainder when 2626428 is divided by 656582.
100
What is the remainder when 21630 is divided by 19?
8
What is the remainder when 4971587 is divided by 160372?
55
What is the remainder when 65756 is divided by 185?
81
Calculate the remainder when 24